 21. Let v(b) = -3*b. Calculate v(t).
-6
Suppose 2*y - 17*t + 12*t = -49, 0 = -4*y - t - 87. Let z(f) = -f**2 - 26*f - 82. What is z(y)?
6
Let i(d) = 43*d - 27. Let z(s) = -240*s + 133. Let l(q) = -11*i(q) - 2*z(q). Determine l(-13).
-60
Let i(m) = 2*m - 32. Let r be i(13). Let p = r + 10. Let d(o) = 6 + 7*o - o**2 - 11 - o - 2*o. Calculate d(p).
-5
Let q(k) = -k**3 - 13*k**2 - 11*k + 20. Let p(m) = -37*m - 974. Let l be p(-26). Determine q(l).
8
Let f(g) = g**3 - 11*g**2 + 25*g - 8. Suppose -10*a - 15 + 81 = -14. Calculate f(a).
0
Let n(i) = 19*i - 27. Let d(h) = -16*h + 23. Let y(j) = 7*d(j) + 6*n(j). Calculate y(20).
39
Let z(j) be the second derivative of 27*j**4/4 + j**3/6 - 6193*j. Determine z(1).
82
Let t(l) = 4*l**2 + 23*l + 3. Suppose -4*z - 3*v + 5643 = 5647, 4*z = -v - 12. Give t(z).
-25
Let w(y) be the first derivative of -y**4/4 - 4*y**3/3 - y**2 + 2*y + 11. Let z be 0/((34/(-8) + 4)*4). Let b be (-4 + 4 - 4)/2 + z. Calculate w(b).
-2
Let r(k) = 32*k - 20*k - 14*k + 6. Give r(1).
4
Let d(g) = -g**3 - 17*g**2 + 17*g - 24. Let q(s) = s**3 + 17*s**2 + 7*s + 123. Let h be q(-17). Suppose 3*v = 6, 4*v + 17 = -h*m - 47. Determine d(m).
-6
Let p(c) = -31*c**2 + 16*c + 17. Let s(b) = -26*b**2 + 14*b + 19. Let t(w) = 5*p(w) - 6*s(w). Determine t(6).
-17
Let p(o) = -93*o + 377. Let y be p(4). Let s(l) = -5*l**3 + l**2 - 5*l - 9. Let g(h) = -4*h**3 + 2*h**2 - 4*h - 8. Let c(u) = -4*g(u) + 3*s(u). Calculate c(y).
10
Suppose 0 = -5*z + 3*z + 38. Suppose 22*r = z*r + 24. Let h(g) be the first derivative of -g**3/3 + 3*g**2 + g - 35. Calculate h(r).
-15
Let l(g) = g**2 - 11*g + 24. Let y be l(8). Let i(w) = -4*w + 9. Give i(y).
9
Suppose 0 = -2*d + 31*d - 116. Let x be (20/(-12))/(d/6 - 1). Let g(r) be the first derivative of -r**2/2 - 3*r - 3. Calculate g(x).
-8
Let o(l) = 35*l**2 + 7*l + 84. Let p(k) = -19*k**2 - k. Let y(x) = o(x) + 2*p(x). Calculate y(-5).
-16
Let p(i) be the third derivative of 5*i**4/12 - 49*i**3/6 + 2*i**2 + 206*i - 4. Give p(6).
11
Let n(m) = 41*m**2 - 37*m**2 + m - 6*m + 69 - 61. Calculate n(3).
29
Let x(s) be the second derivative of 9*s**4/4 + 5*s**3/6 + 2*s**2 - 1331*s. Determine x(-1).
26
Let n(r) = r**3 + 17*r**2 + 70*r + 48. Let c be n(-11). Let k(w) = -4 + 2*w**2 + 5 - w**2. Let t(z) = -z**3 + z - 3. Let j(o) = -4*k(o) - t(o). Determine j(c).
-5
Suppose -2*h - 5*y - 19 = 0, -h + 4 = -2*y - 0. Let a = -50 + h. Let m = -57 - a. Let q(w) = w**3 + 6*w**2 + 3*w - 5. Give q(m).
5
Let f(y) be the second derivative of y**4/12 - 5*y**3/6 - 9*y**2/2 + 2*y + 300. Suppose 0 = 3*c + 2*c - 35. Determine f(c).
5
Let h(q) be the second derivative of q**5/20 - 5*q**4/6 - q**3/6 + 5*q**2 - 1161*q. Determine h(10).
0
Let u(v) be the third derivative of -v**6/120 - v**5/10 + v**4/3 + 5*v**3/6 - 43*v**2 + 3*v + 3. Suppose 2*d + 3*x = 2*x - 12, 2*d + 10 = -2*x. Determine u(d).
-2
Let q(h) = -2*h**2 + 2*h - 6. Suppose -122*t = -5*t. Calculate q(t).
-6
Let r(q) be the second derivative of -q**5/20 - q**4/12 + q**3/6 - 227*q. Let o(n) = -3*n**3 - 4*n**2 + 4*n + 3. Let a(d) = -o(d) + 4*r(d). Determine a(-2).
5
Let i be (-2 + (-20)/(-12))/(131/(-7074)). Let c(o) = o**2 - 16*o + 43. What is c(i)?
79
Let b(c) = -c**3 - 5*c**2 + 4*c + 3. Let h(f) = -f**3 - 97*f**2 - 268*f + 1309. Let i be h(-94). Give b(i).
73
Suppose 0 = -3*u + 12 - 15. Let b be (u - 14)*(-10)/15. Let h(v) = -v - 5. Determine h(b).
-15
Let l(m) = m + 8. Let a be l(-7). Let u(d) be the second derivative of -d**4/3 - d**3/6 - d**2/2 - 1378*d + 2. Calculate u(a).
-6
Suppose 0 = 2*c - 3*h + 57, -8*h = 5*c - 3*h + 155. Let l be c*((-9)/3)/6. Let w be -2*(4 + l/(-6)). Let d(s) = -s**3 - 3*s**2 + 3*s + 4. What is d(w)?
-5
Let l be 48/10 - 4/(-60)*3. Let j(o) = -9 - o + 2 + 2 + 10. Determine j(l).
0
Let j be 350/(-2625) + (-64)/(-30). Let o(u) = -8*u - 3. Calculate o(j).
-19
Let f(k) = k**3 - 8*k**2 + 12*k + 11. Let r be f(6). Suppose 0 = h - 2*h - i + r, -3*h - 4*i = -37. Let n(u) = u**2 - 7*u. What is n(h)?
0
Let n(v) = 5 + 3*v - 2*v**2 - 2*v - 3. Suppose 97*o - 2*d = 92*o, -4*o + 28 = 4*d. Determine n(o).
-4
Let t(z) = z - 23. Let o be (-20)/((-1200)/(-36)) + 86/10. Calculate t(o).
-15
Let t(u) = 3*u - 39. Let m be (-67)/((-938)/84) - (-14)/2. Calculate t(m).
0
Suppose 14 = -5*z - 3*o, -4*z = 2*z + 3*o + 15. Let t(g) = -43*g**2 - 2*g - 1. Calculate t(z).
-42
Suppose 2*q - 370 = 102. Let s = -231 + q. Let u(m) = -m**3 + 5*m**2 - m. What is u(s)?
-5
Suppose -2*f - 3*f = -5*k, 5*k = 2*f. Let y(i) = 100*i**2 + f*i**3 + 2*i - 9 - i**3 - 42*i**2 - 52*i**2 + 6*i. Give y(7).
-2
Let q(a) be the third derivative of a**5/12 + a**4/3 + 7*a**3/6 + 66*a**2 - 3*a. Give q(-1).
4
Let u = 106 + -48. Let h = u + -60. Let q(i) = -2*i**2 + 2*i + 2. Determine q(h).
-10
Let f(s) = 39 - 81 + 8*s + s**3 + 41 - 15*s + 5*s**2. Give f(3).
50
Suppose -9*s + 8*s = 14. Let a = -9 - s. Let c(d) = -7*d**2 + 2*d - 10. Let y(h) = 2*h**2 + h + 1. Let j(z) = c(z) + 3*y(z). Give j(a).
-7
Let h be (0 - (-12)/(-9))/((-8)/36). Let q(x) = -13 + 10*x - 15*x + h*x. Calculate q(6).
-7
Let h(a) = -14*a + 2. Suppose 59 + 28 = -29*r. Let n be 15*(-2)/r - 7. Give h(n).
-40
Let d(g) = 8 + 11*g - 6 - 1. Let h = -2264 + 2261. Determine d(h).
-32
Suppose 37 = y + 43. Let r(k) be the third derivative of k**5/60 + 7*k**4/24 - k**3/6 + 171*k**2. Calculate r(y).
-7
Let y = -105 + 149. Let i = y + -35. Let g(q) = 6*q**3 + 29*q**2 + 56*q - 29. Let w(t) = t**3 + 6*t**2 + 11*t - 6. Let h(d) = -2*g(d) + 11*w(d). What is h(i)?
-8
Let t(a) = -a + 7. Let f(m) = -3*m**3 - 13*m**2 - 5*m. Let j be f(-4). Suppose 12*x = j + 44. What is t(x)?
3
Let u be 1/((-4)/18 + (-25)/(-99)). Let b = -37 + u. Let j(o) = 4*o**2 + 10 - 13 + o - 3*o**2. Give j(b).
9
Let t(l) = l**3 + 14*l**2 - 3*l - 25. Let b be t(-14). Suppose 3*m - j = 7, 3*m - j = 6*m - b. Let x(h) = -3*h - m*h + 14 + 8*h - 4. What is x(-8)?
2
Let k(w) be the third derivative of -w**6/120 - 2*w**5/5 - 23*w**4/24 + w**3/6 + 474*w**2. Calculate k(-23).
1
Let n(a) = 5 + a + 0*a + a**3 - 2 - a**2. Let q(s) = s**2 - 3598*s + 114112. Let u be q(32). Determine n(u).
3
Suppose -139 = -23*l + 22. Let c(j) = -j**2 + 4*j + 21. Let m be c(l). Let p(i) be the first derivative of -i**2/2 + 7*i + 1. Calculate p(m).
7
Let m(u) = 13*u + 93. Suppose -2*l - 5*n = -14, 4*l - 27*n + 28*n + 26 = 0. What is m(l)?
-11
Let a(x) = -11*x**2 - 32*x + 68. Let t(h) = -9*h**2 - 31*h + 68. Let v(c) = -4*a(c) + 5*t(c). Let u be v(-29). Let i(q) = -q**2 + 12*q + 3. What is i(u)?
23
Suppose -2*q - 3*v - 21 = 0, -3970*q - 5*v = -3972*q + 3. Let z(n) = n**2 + 15*n + 2. Give z(q).
-52
Let u(g) be the first derivative of -3*g**2 + g + 672. Calculate u(1).
-5
Let g(n) = 6*n + 12. Let y(d) = 23*d + 66. Let a(h) = -4*g(h) + y(h). Give a(11).
7
Let q(t) = -2*t**3 + 2*t**2 - 8*t + 1. Let a(g) = 3*g**3 - g**2 + 17*g. Let c(s) = a(s) + q(s). Give c(0).
1
Suppose -i - g - 121 = -124, i - 27 = 5*g. Let a(h) = -h**2 + 9*h + 12. Calculate a(i).
26
Let g(o) be the second derivative of -5*o**3/3 + 23*o**2 - 36*o + 59. Give g(2).
26
Let v be (-3 + -2)/10 - (-6)/4 - 0. Let f(c) = 23*c - 9. What is f(v)?
14
Let o be -1 + 2 + 1*19. Suppose 0 = 4*z - 20, 0*m + o = 5*m - z. Let t(x) = -x**3 - 3*x**2 - 6*x + 2*x**2 + 5 - 11 + 13*x**2 - 5*x**2. Calculate t(m).
14
Let i be (-112)/(-24)*(-24)/(-14). Let x(r) = r**2 - 4. Let k(y) = -4*y**2 - 12*y + 27. Let g(w) = -k(w) - 5*x(w). Calculate g(i).
25
Let l(c) = c**2 - 11*c + 6. Let v be 8 - (-8 + 3/(7 + -6)). Give l(v).
32
Let w(f) = 44*f - 68. Let k(u) = 11*u + 2. Let c(h) = -3*k(h) + w(h). Give c(7).
3
Let l(b) = -b**3 - 13*b**2 + 15*b + 10. Let z be (-7)/(18/4 - 4). Let n be l(z). Let s(x) = x**2 + 7*x + 1. What is s(n)?
-11
Let n(i) = 33 + 31 + 29 - 5*i**2 - 11*i - 71 + 6*i**2. What is n(9)?
4
Let u(i) = -18*i + 111. Let f(h) = 1266*h + 7602. Let d be f(-6). Give u(d).
3
Let c be (29 - 1729/190) + 2 + 19/(-10). Let f(o) = -o**3 + 21*o**2 - 18*o - 44. Give f(c).
-4
Let q(o) = -o**3 - 8*o**2 + 45*o - 43. Let n be q(-12). Let i(m) be the third derivative of 0 + 0*m + 2/3*m**3 + 1/60*m**5 + 1/4*m**4 + 2*m**2. Give i(n).
11
Let x be (36/1 - 6) + -11. Let t(o) = 4*o - 84. What is t(x)?
-8
Let i(t) = 9*t**2 + 25*t + 32. Let q(b) = b**2 + 3*b + 4. Let z(n) = 6*i(n) - 51*q(n). Let m be z(3). Let y(s) = -2*s**